{"id":3038,"date":"2023-12-12T20:05:33","date_gmt":"2023-12-12T19:05:33","guid":{"rendered":"http:\/\/comptoirdesetoiles.fr\/?page_id=3038"},"modified":"2023-12-12T21:28:03","modified_gmt":"2023-12-12T20:28:03","slug":"une-question-sur-lastronomie","status":"publish","type":"page","link":"http:\/\/comptoirdesetoiles.fr\/index.php\/une-question-sur-lastronomie\/","title":{"rendered":"Une question sur l\u2019astronomie ?"},"content":{"rendered":"\n<p>Une question sur l\u2019astronomie ? N\u2019h\u00e9sitez pas ! Posez-la au Comptoir des \u00c9toiles, et nous y r\u00e9pondrons dans les meilleurs d\u00e9lais ! Les questions\/r\u00e9ponses seront ensuite publi\u00e9es, class\u00e9es par th\u00e8me, sur cette page.<\/p>\n\n\n<div class=\"wpforms-container wpforms-container-full wpforms-block wpforms-block-c6c38b32-fdd6-4aae-8724-04845638b92f wpforms-render-modern\" id=\"wpforms-3052\"><form id=\"wpforms-form-3052\" class=\"wpforms-validate wpforms-form wpforms-ajax-form\" data-formid=\"3052\" method=\"post\" enctype=\"multipart\/form-data\" action=\"\/index.php\/wp-json\/wp\/v2\/pages\/3038\" data-token=\"18a23d1813655712e3ba75743c4470b2\" data-token-time=\"1777498420\"><noscript class=\"wpforms-error-noscript\">Please enable JavaScript in your browser to complete this form.<\/noscript><div id=\"wpforms-error-noscript\" style=\"display: none;\">Please enable JavaScript in your browser to complete this form.<\/div><div class=\"wpforms-field-container\"><div id=\"wpforms-3052-field_1-container\" class=\"wpforms-field wpforms-field-text\" data-field-id=\"1\"><label class=\"wpforms-field-label\" for=\"wpforms-3052-field_1\">Nom (obligatoire)<\/label><input type=\"text\" id=\"wpforms-3052-field_1\" class=\"wpforms-field-medium\" name=\"wpforms[fields][1]\" aria-errormessage=\"wpforms-3052-field_1-error\" ><\/div><div id=\"wpforms-3052-field_2-container\" class=\"wpforms-field wpforms-field-text\" data-field-id=\"2\"><label class=\"wpforms-field-label\" for=\"wpforms-3052-field_2\">Adresse e-mail (obligatoire)<\/label><input type=\"text\" id=\"wpforms-3052-field_2\" class=\"wpforms-field-medium\" name=\"wpforms[fields][2]\" aria-errormessage=\"wpforms-3052-field_2-error\" ><\/div><div id=\"wpforms-3052-field_3-container\" class=\"wpforms-field wpforms-field-textarea\" data-field-id=\"3\"><label class=\"wpforms-field-label\" for=\"wpforms-3052-field_3\">Votre question<\/label><textarea id=\"wpforms-3052-field_3\" class=\"wpforms-field-medium\" name=\"wpforms[fields][3]\" aria-errormessage=\"wpforms-3052-field_3-error\" ><\/textarea><\/div><\/div><!-- .wpforms-field-container --><div class=\"wpforms-submit-container\" ><input type=\"hidden\" name=\"wpforms[id]\" value=\"3052\"><input type=\"hidden\" name=\"page_title\" value=\"\"><input type=\"hidden\" name=\"page_url\" value=\"http:\/\/comptoirdesetoiles.fr\/index.php\/wp-json\/wp\/v2\/pages\/3038\"><input type=\"hidden\" name=\"url_referer\" value=\"\"><button type=\"submit\" name=\"wpforms[submit]\" id=\"wpforms-submit-3052\" class=\"wpforms-submit\" data-alt-text=\"Envoi de la question en cours...\" data-submit-text=\"Poser sa question !\" aria-live=\"assertive\" value=\"wpforms-submit\">Poser sa question !<\/button><img loading=\"lazy\" decoding=\"async\" src=\"http:\/\/comptoirdesetoiles.fr\/wp-content\/plugins\/wpforms-lite\/assets\/images\/submit-spin.svg\" class=\"wpforms-submit-spinner\" style=\"display: none;\" width=\"26\" height=\"26\" alt=\"Loading\"><\/div><\/form><\/div>  <!-- .wpforms-container -->","protected":false},"excerpt":{"rendered":"<p>Une question sur l\u2019astronomie ? N\u2019h\u00e9sitez pas ! Posez-la au Comptoir des \u00c9toiles, et nous y r\u00e9pondrons dans les meilleurs d\u00e9lais ! Les questions\/r\u00e9ponses seront ensuite publi\u00e9es, class\u00e9es par th\u00e8me, sur cette page.<\/p>\n","protected":false},"author":1,"featured_media":0,"parent":0,"menu_order":0,"comment_status":"closed","ping_status":"closed","template":"","meta":{"footnotes":""},"class_list":["post-3038","page","type-page","status-publish","hentry"],"_links":{"self":[{"href":"http:\/\/comptoirdesetoiles.fr\/index.php\/wp-json\/wp\/v2\/pages\/3038","targetHints":{"allow":["GET"]}}],"collection":[{"href":"http:\/\/comptoirdesetoiles.fr\/index.php\/wp-json\/wp\/v2\/pages"}],"about":[{"href":"http:\/\/comptoirdesetoiles.fr\/index.php\/wp-json\/wp\/v2\/types\/page"}],"author":[{"embeddable":true,"href":"http:\/\/comptoirdesetoiles.fr\/index.php\/wp-json\/wp\/v2\/users\/1"}],"replies":[{"embeddable":true,"href":"http:\/\/comptoirdesetoiles.fr\/index.php\/wp-json\/wp\/v2\/comments?post=3038"}],"version-history":[{"count":2,"href":"http:\/\/comptoirdesetoiles.fr\/index.php\/wp-json\/wp\/v2\/pages\/3038\/revisions"}],"predecessor-version":[{"id":3055,"href":"http:\/\/comptoirdesetoiles.fr\/index.php\/wp-json\/wp\/v2\/pages\/3038\/revisions\/3055"}],"wp:attachment":[{"href":"http:\/\/comptoirdesetoiles.fr\/index.php\/wp-json\/wp\/v2\/media?parent=3038"}],"curies":[{"name":"wp","href":"https:\/\/api.w.org\/{rel}","templated":true}]}}